{"id":3017,"date":"2024-04-19T10:32:15","date_gmt":"2024-04-19T10:32:15","guid":{"rendered":"https:\/\/www.xn--quesospealajo-pkb.com\/?post_type=product&#038;p=3017"},"modified":"2025-01-07T08:42:09","modified_gmt":"2025-01-07T08:42:09","slug":"estuche-2","status":"publish","type":"product","link":"https:\/\/www.xn--quesospealajo-pkb.com\/index.php\/product\/estuche-2\/","title":{"rendered":"Estuche 2"},"content":{"rendered":"","protected":false},"excerpt":{"rendered":"<ul>\n<li style=\"margin-top: 0;\">1 Cu\u00f1a De 500 G Cada Una De Queso Semicurado<\/li>\n<li style=\"margin-top: 0;\">1 Botella De Crianza Corcovo Variedad Tempranillo Med Oro Bruselas<\/li>\n<li style=\"margin-top: 0;\">1 Orza De Cer\u00e1mica Decorativa De Miel De Despe\u00f1aperros 500 Gr<\/li>\n<li style=\"margin-top: 0;\">1 Frasca Con Dosificador De Aceite De Oliva Virgen Extra Ecol\u00f3gico 500 Ml<\/li>\n<li style=\"margin-top: 0;\">1 Salchich\u00f3n Vela S\u00e1nchez Romero Carvajal 100% Ib\u00e9rico 200Gr<\/li>\n<li style=\"margin-top: 0;\">1 Frasco Azafr\u00e1n De La Mancha 1Gr<\/li>\n<li style=\"margin-top: 0;\">Estuche De Madera Serigrafiado<\/li>\n<\/ul>\n<p>Presentado en un distinguido estuche de madera serigrafiado, este conjunto gourmet es una exquisita selecci\u00f3n para deleitar los paladares m\u00e1s exigentes. Incluye una cu\u00f1a de queso semicurado de 500g, perfecta para combinar con la botella de vino Crianza Corcovo, premiado con medalla de oro en Bruselas, que promete una experiencia vin\u00edcola inolvidable. Adem\u00e1s, se complementa con una orza de cer\u00e1mica decorativa que contiene miel de Despe\u00f1aperros y una frasca con dosificador de aceite de oliva virgen extra ecol\u00f3gico. El estuche se enriquece con un salchich\u00f3n vela de S\u00e1nchez Romero Carvajal, 100% ib\u00e9rico, y un frasco de selecto azafr\u00e1n de La Mancha, a\u00f1adiendo un toque de lujo y sabor \u00fanico a cualquier celebraci\u00f3n.<\/p>\n","protected":false},"featured_media":2893,"comment_status":"open","ping_status":"closed","template":"","meta":[],"product_cat":[76],"product_tag":[],"class_list":{"0":"post-3017","1":"product","2":"type-product","3":"status-publish","4":"has-post-thumbnail","6":"product_cat-cestas-gourmet","8":"first","9":"outofstock","10":"shipping-taxable","11":"purchasable","12":"product-type-simple"},"yoast_head":"<!-- This site is optimized with the Yoast SEO plugin v24.1 - https:\/\/yoast.com\/wordpress\/plugins\/seo\/ -->\n<title>Estuche 2 - PE\u00d1ALAJO<\/title>\n<meta name=\"robots\" content=\"index, follow, max-snippet:-1, max-image-preview:large, max-video-preview:-1\" \/>\n<link rel=\"canonical\" href=\"https:\/\/www.xn--quesospealajo-pkb.com\/index.php\/product\/estuche-2\/\" \/>\n<meta property=\"og:locale\" content=\"es_ES\" \/>\n<meta property=\"og:type\" content=\"article\" \/>\n<meta property=\"og:title\" content=\"Estuche 2 - PE\u00d1ALAJO\" \/>\n<meta property=\"og:description\" content=\"1 Cu\u00f1a De 500 G Cada Una De Queso Semicurado  1 Botella De Crianza Corcovo Variedad Tempranillo Med Oro Bruselas  1 Orza De Cer\u00e1mica Decorativa De Miel De Despe\u00f1aperros 500 Gr  1 Frasca Con Dosificador De Aceite De Oliva Virgen Extra Ecol\u00f3gico 500 Ml  1 Salchich\u00f3n Vela S\u00e1nchez Romero Carvajal 100% Ib\u00e9rico 200Gr  1 Frasco Azafr\u00e1n De La Mancha 1Gr  Estuche De Madera Serigrafiado  Presentado en un distinguido estuche de madera serigrafiado, este conjunto gourmet es una exquisita selecci\u00f3n para deleitar los paladares m\u00e1s exigentes. Incluye una cu\u00f1a de queso semicurado de 500g, perfecta para combinar con la botella de vino Crianza Corcovo, premiado con medalla de oro en Bruselas, que promete una experiencia vin\u00edcola inolvidable. Adem\u00e1s, se complementa con una orza de cer\u00e1mica decorativa que contiene miel de Despe\u00f1aperros y una frasca con dosificador de aceite de oliva virgen extra ecol\u00f3gico. El estuche se enriquece con un salchich\u00f3n vela de S\u00e1nchez Romero Carvajal, 100% ib\u00e9rico, y un frasco de selecto azafr\u00e1n de La Mancha, a\u00f1adiendo un toque de lujo y sabor \u00fanico a cualquier celebraci\u00f3n.\" \/>\n<meta property=\"og:url\" content=\"https:\/\/www.xn--quesospealajo-pkb.com\/index.php\/product\/estuche-2\/\" \/>\n<meta property=\"og:site_name\" content=\"PE\u00d1ALAJO\" \/>\n<meta property=\"article:publisher\" content=\"https:\/\/www.facebook.com\/p\/Quesos-PealajoQueso-Manchego-Artesano-100052597345109\" \/>\n<meta property=\"article:modified_time\" content=\"2025-01-07T08:42:09+00:00\" \/>\n<meta property=\"og:image\" content=\"https:\/\/www.xn--quesospealajo-pkb.com\/wp-content\/uploads\/2024\/04\/WhatsApp-Image-2024-04-17-at-3.29.07-PM-1.jpeg\" \/>\n\t<meta property=\"og:image:width\" content=\"1600\" \/>\n\t<meta property=\"og:image:height\" content=\"1485\" \/>\n\t<meta property=\"og:image:type\" content=\"image\/jpeg\" \/>\n<meta name=\"twitter:card\" content=\"summary_large_image\" \/>\n<meta name=\"twitter:label1\" content=\"Tiempo de lectura\" \/>\n\t<meta name=\"twitter:data1\" content=\"1 minuto\" \/>\n<script type=\"application\/ld+json\" class=\"yoast-schema-graph\">{\"@context\":\"https:\/\/schema.org\",\"@graph\":[{\"@type\":\"WebPage\",\"@id\":\"https:\/\/www.xn--quesospealajo-pkb.com\/index.php\/product\/estuche-2\/\",\"url\":\"https:\/\/www.xn--quesospealajo-pkb.com\/index.php\/product\/estuche-2\/\",\"name\":\"Estuche 2 - PE\u00d1ALAJO\",\"isPartOf\":{\"@id\":\"https:\/\/www.xn--quesospealajo-pkb.com\/#website\"},\"primaryImageOfPage\":{\"@id\":\"https:\/\/www.xn--quesospealajo-pkb.com\/index.php\/product\/estuche-2\/#primaryimage\"},\"image\":{\"@id\":\"https:\/\/www.xn--quesospealajo-pkb.com\/index.php\/product\/estuche-2\/#primaryimage\"},\"thumbnailUrl\":\"https:\/\/www.xn--quesospealajo-pkb.com\/wp-content\/uploads\/2024\/04\/WhatsApp-Image-2024-04-17-at-3.29.07-PM-1.jpeg\",\"datePublished\":\"2024-04-19T10:32:15+00:00\",\"dateModified\":\"2025-01-07T08:42:09+00:00\",\"breadcrumb\":{\"@id\":\"https:\/\/www.xn--quesospealajo-pkb.com\/index.php\/product\/estuche-2\/#breadcrumb\"},\"inLanguage\":\"es\",\"potentialAction\":[{\"@type\":\"ReadAction\",\"target\":[\"https:\/\/www.xn--quesospealajo-pkb.com\/index.php\/product\/estuche-2\/\"]}]},{\"@type\":\"ImageObject\",\"inLanguage\":\"es\",\"@id\":\"https:\/\/www.xn--quesospealajo-pkb.com\/index.php\/product\/estuche-2\/#primaryimage\",\"url\":\"https:\/\/www.xn--quesospealajo-pkb.com\/wp-content\/uploads\/2024\/04\/WhatsApp-Image-2024-04-17-at-3.29.07-PM-1.jpeg\",\"contentUrl\":\"https:\/\/www.xn--quesospealajo-pkb.com\/wp-content\/uploads\/2024\/04\/WhatsApp-Image-2024-04-17-at-3.29.07-PM-1.jpeg\",\"width\":1600,\"height\":1485},{\"@type\":\"BreadcrumbList\",\"@id\":\"https:\/\/www.xn--quesospealajo-pkb.com\/index.php\/product\/estuche-2\/#breadcrumb\",\"itemListElement\":[{\"@type\":\"ListItem\",\"position\":1,\"name\":\"Home\",\"item\":\"https:\/\/www.xn--quesospealajo-pkb.com\/\"},{\"@type\":\"ListItem\",\"position\":2,\"name\":\"Shop\",\"item\":\"https:\/\/www.xn--quesospealajo-pkb.com\/index.php\/shop\/\"},{\"@type\":\"ListItem\",\"position\":3,\"name\":\"Estuche 2\"}]},{\"@type\":\"WebSite\",\"@id\":\"https:\/\/www.xn--quesospealajo-pkb.com\/#website\",\"url\":\"https:\/\/www.xn--quesospealajo-pkb.com\/\",\"name\":\"PE\u00d1ALAJO\",\"description\":\"\",\"publisher\":{\"@id\":\"https:\/\/www.xn--quesospealajo-pkb.com\/#organization\"},\"potentialAction\":[{\"@type\":\"SearchAction\",\"target\":{\"@type\":\"EntryPoint\",\"urlTemplate\":\"https:\/\/www.xn--quesospealajo-pkb.com\/?s={search_term_string}\"},\"query-input\":{\"@type\":\"PropertyValueSpecification\",\"valueRequired\":true,\"valueName\":\"search_term_string\"}}],\"inLanguage\":\"es\"},{\"@type\":\"Organization\",\"@id\":\"https:\/\/www.xn--quesospealajo-pkb.com\/#organization\",\"name\":\"PE\u00d1ALAJO\",\"url\":\"https:\/\/www.xn--quesospealajo-pkb.com\/\",\"logo\":{\"@type\":\"ImageObject\",\"inLanguage\":\"es\",\"@id\":\"https:\/\/www.xn--quesospealajo-pkb.com\/#\/schema\/logo\/image\/\",\"url\":\"https:\/\/www.xn--quesospealajo-pkb.com\/wp-content\/uploads\/2024\/03\/LOGO-QUESOS-PENALAJO-1-version-ANTIGUA.png\",\"contentUrl\":\"https:\/\/www.xn--quesospealajo-pkb.com\/wp-content\/uploads\/2024\/03\/LOGO-QUESOS-PENALAJO-1-version-ANTIGUA.png\",\"width\":561,\"height\":553,\"caption\":\"PE\u00d1ALAJO\"},\"image\":{\"@id\":\"https:\/\/www.xn--quesospealajo-pkb.com\/#\/schema\/logo\/image\/\"},\"sameAs\":[\"https:\/\/www.facebook.com\/p\/Quesos-PealajoQueso-Manchego-Artesano-100052597345109\",\"https:\/\/www.instagram.com\/quesospenalajo\/\"]}]}<\/script>\n<!-- \/ Yoast SEO plugin. -->","yoast_head_json":{"title":"Estuche 2 - PE\u00d1ALAJO","robots":{"index":"index","follow":"follow","max-snippet":"max-snippet:-1","max-image-preview":"max-image-preview:large","max-video-preview":"max-video-preview:-1"},"canonical":"https:\/\/www.xn--quesospealajo-pkb.com\/index.php\/product\/estuche-2\/","og_locale":"es_ES","og_type":"article","og_title":"Estuche 2 - PE\u00d1ALAJO","og_description":"1 Cu\u00f1a De 500 G Cada Una De Queso Semicurado  1 Botella De Crianza Corcovo Variedad Tempranillo Med Oro Bruselas  1 Orza De Cer\u00e1mica Decorativa De Miel De Despe\u00f1aperros 500 Gr  1 Frasca Con Dosificador De Aceite De Oliva Virgen Extra Ecol\u00f3gico 500 Ml  1 Salchich\u00f3n Vela S\u00e1nchez Romero Carvajal 100% Ib\u00e9rico 200Gr  1 Frasco Azafr\u00e1n De La Mancha 1Gr  Estuche De Madera Serigrafiado  Presentado en un distinguido estuche de madera serigrafiado, este conjunto gourmet es una exquisita selecci\u00f3n para deleitar los paladares m\u00e1s exigentes. Incluye una cu\u00f1a de queso semicurado de 500g, perfecta para combinar con la botella de vino Crianza Corcovo, premiado con medalla de oro en Bruselas, que promete una experiencia vin\u00edcola inolvidable. Adem\u00e1s, se complementa con una orza de cer\u00e1mica decorativa que contiene miel de Despe\u00f1aperros y una frasca con dosificador de aceite de oliva virgen extra ecol\u00f3gico. El estuche se enriquece con un salchich\u00f3n vela de S\u00e1nchez Romero Carvajal, 100% ib\u00e9rico, y un frasco de selecto azafr\u00e1n de La Mancha, a\u00f1adiendo un toque de lujo y sabor \u00fanico a cualquier celebraci\u00f3n.","og_url":"https:\/\/www.xn--quesospealajo-pkb.com\/index.php\/product\/estuche-2\/","og_site_name":"PE\u00d1ALAJO","article_publisher":"https:\/\/www.facebook.com\/p\/Quesos-PealajoQueso-Manchego-Artesano-100052597345109","article_modified_time":"2025-01-07T08:42:09+00:00","og_image":[{"width":1600,"height":1485,"url":"https:\/\/www.xn--quesospealajo-pkb.com\/wp-content\/uploads\/2024\/04\/WhatsApp-Image-2024-04-17-at-3.29.07-PM-1.jpeg","type":"image\/jpeg"}],"twitter_card":"summary_large_image","twitter_misc":{"Tiempo de lectura":"1 minuto"},"schema":{"@context":"https:\/\/schema.org","@graph":[{"@type":"WebPage","@id":"https:\/\/www.xn--quesospealajo-pkb.com\/index.php\/product\/estuche-2\/","url":"https:\/\/www.xn--quesospealajo-pkb.com\/index.php\/product\/estuche-2\/","name":"Estuche 2 - PE\u00d1ALAJO","isPartOf":{"@id":"https:\/\/www.xn--quesospealajo-pkb.com\/#website"},"primaryImageOfPage":{"@id":"https:\/\/www.xn--quesospealajo-pkb.com\/index.php\/product\/estuche-2\/#primaryimage"},"image":{"@id":"https:\/\/www.xn--quesospealajo-pkb.com\/index.php\/product\/estuche-2\/#primaryimage"},"thumbnailUrl":"https:\/\/www.xn--quesospealajo-pkb.com\/wp-content\/uploads\/2024\/04\/WhatsApp-Image-2024-04-17-at-3.29.07-PM-1.jpeg","datePublished":"2024-04-19T10:32:15+00:00","dateModified":"2025-01-07T08:42:09+00:00","breadcrumb":{"@id":"https:\/\/www.xn--quesospealajo-pkb.com\/index.php\/product\/estuche-2\/#breadcrumb"},"inLanguage":"es","potentialAction":[{"@type":"ReadAction","target":["https:\/\/www.xn--quesospealajo-pkb.com\/index.php\/product\/estuche-2\/"]}]},{"@type":"ImageObject","inLanguage":"es","@id":"https:\/\/www.xn--quesospealajo-pkb.com\/index.php\/product\/estuche-2\/#primaryimage","url":"https:\/\/www.xn--quesospealajo-pkb.com\/wp-content\/uploads\/2024\/04\/WhatsApp-Image-2024-04-17-at-3.29.07-PM-1.jpeg","contentUrl":"https:\/\/www.xn--quesospealajo-pkb.com\/wp-content\/uploads\/2024\/04\/WhatsApp-Image-2024-04-17-at-3.29.07-PM-1.jpeg","width":1600,"height":1485},{"@type":"BreadcrumbList","@id":"https:\/\/www.xn--quesospealajo-pkb.com\/index.php\/product\/estuche-2\/#breadcrumb","itemListElement":[{"@type":"ListItem","position":1,"name":"Home","item":"https:\/\/www.xn--quesospealajo-pkb.com\/"},{"@type":"ListItem","position":2,"name":"Shop","item":"https:\/\/www.xn--quesospealajo-pkb.com\/index.php\/shop\/"},{"@type":"ListItem","position":3,"name":"Estuche 2"}]},{"@type":"WebSite","@id":"https:\/\/www.xn--quesospealajo-pkb.com\/#website","url":"https:\/\/www.xn--quesospealajo-pkb.com\/","name":"PE\u00d1ALAJO","description":"","publisher":{"@id":"https:\/\/www.xn--quesospealajo-pkb.com\/#organization"},"potentialAction":[{"@type":"SearchAction","target":{"@type":"EntryPoint","urlTemplate":"https:\/\/www.xn--quesospealajo-pkb.com\/?s={search_term_string}"},"query-input":{"@type":"PropertyValueSpecification","valueRequired":true,"valueName":"search_term_string"}}],"inLanguage":"es"},{"@type":"Organization","@id":"https:\/\/www.xn--quesospealajo-pkb.com\/#organization","name":"PE\u00d1ALAJO","url":"https:\/\/www.xn--quesospealajo-pkb.com\/","logo":{"@type":"ImageObject","inLanguage":"es","@id":"https:\/\/www.xn--quesospealajo-pkb.com\/#\/schema\/logo\/image\/","url":"https:\/\/www.xn--quesospealajo-pkb.com\/wp-content\/uploads\/2024\/03\/LOGO-QUESOS-PENALAJO-1-version-ANTIGUA.png","contentUrl":"https:\/\/www.xn--quesospealajo-pkb.com\/wp-content\/uploads\/2024\/03\/LOGO-QUESOS-PENALAJO-1-version-ANTIGUA.png","width":561,"height":553,"caption":"PE\u00d1ALAJO"},"image":{"@id":"https:\/\/www.xn--quesospealajo-pkb.com\/#\/schema\/logo\/image\/"},"sameAs":["https:\/\/www.facebook.com\/p\/Quesos-PealajoQueso-Manchego-Artesano-100052597345109","https:\/\/www.instagram.com\/quesospenalajo\/"]}]}},"_links":{"self":[{"href":"https:\/\/www.xn--quesospealajo-pkb.com\/index.php\/wp-json\/wp\/v2\/product\/3017","targetHints":{"allow":["GET"]}}],"collection":[{"href":"https:\/\/www.xn--quesospealajo-pkb.com\/index.php\/wp-json\/wp\/v2\/product"}],"about":[{"href":"https:\/\/www.xn--quesospealajo-pkb.com\/index.php\/wp-json\/wp\/v2\/types\/product"}],"replies":[{"embeddable":true,"href":"https:\/\/www.xn--quesospealajo-pkb.com\/index.php\/wp-json\/wp\/v2\/comments?post=3017"}],"wp:featuredmedia":[{"embeddable":true,"href":"https:\/\/www.xn--quesospealajo-pkb.com\/index.php\/wp-json\/wp\/v2\/media\/2893"}],"wp:attachment":[{"href":"https:\/\/www.xn--quesospealajo-pkb.com\/index.php\/wp-json\/wp\/v2\/media?parent=3017"}],"wp:term":[{"taxonomy":"product_cat","embeddable":true,"href":"https:\/\/www.xn--quesospealajo-pkb.com\/index.php\/wp-json\/wp\/v2\/product_cat?post=3017"},{"taxonomy":"product_tag","embeddable":true,"href":"https:\/\/www.xn--quesospealajo-pkb.com\/index.php\/wp-json\/wp\/v2\/product_tag?post=3017"}],"curies":[{"name":"wp","href":"https:\/\/api.w.org\/{rel}","templated":true}]}}