{"id":1795,"date":"2024-03-29T18:44:04","date_gmt":"2024-03-29T18:44:04","guid":{"rendered":"https:\/\/www.xn--quesospealajo-pkb.com\/?page_id=1795"},"modified":"2025-06-15T15:38:32","modified_gmt":"2025-06-15T15:38:32","slug":"nuestra-historia","status":"publish","type":"page","link":"https:\/\/www.xn--quesospealajo-pkb.com\/index.php\/nuestra-historia\/","title":{"rendered":"Nuestra Historia"},"content":{"rendered":"\t\t<div data-elementor-type=\"wp-page\" data-elementor-id=\"1795\" class=\"elementor elementor-1795\">\n\t\t\t\t<div class=\"elementor-element elementor-element-a8003a0 e-flex e-con-boxed e-con e-parent\" data-id=\"a8003a0\" data-element_type=\"container\">\n\t\t\t\t\t<div class=\"e-con-inner\">\n\t\t\t\t<div class=\"elementor-element elementor-element-e137828 elementor-widget elementor-widget-broccoli_about_us_v1\" data-id=\"e137828\" data-element_type=\"widget\" data-widget_type=\"broccoli_about_us_v1.default\">\n\t\t\t\t<div class=\"elementor-widget-container\">\n\t\t\t    \n   \t\t<!-- ABOUT US AREA START -->\n    <div class=\"ltn__about-us-area pt-120 pb-120\">\n        <div class=\"container\">\n            <div class=\"row\">\n                                <div class=\"col-lg-6 align-self-center\">\n                    <div class=\"about-us-img-wrap about-img-left\">\n                        <img decoding=\"async\" src=\"https:\/\/www.xn--quesospealajo-pkb.com\/wp-content\/uploads\/2024\/03\/IMG_2314-scaled.jpg\" alt=\"Awesome Image\">\n                    <\/div>\n                <\/div>\n                                <div class=\"col-lg-6 align-self-center\">\n                    <div class=\"about-us-info-wrap\">\n                                                <div class=\"section-title-area ltn__section-title-2\">\n                                                        <h1 class=\"section-title\">Nuestra Historia<\/h1>                            <p>LLevamos m\u00e1s de 80 a\u00f1os con ganader\u00eda de ovino.<\/p>                        <\/div>\n                                                <p>Nuestras ovejas pastan a diente con total libertad durante gran parte del a\u00f1o, gracias a las grandes extensiones de pastizal con las que cuenta la finca. \nTodos los cultivos son certificados como ecol\u00f3gicos (entidad certificadora SOHISCERT)<\/p>                        <div class=\"about-author-info d-flex\">\n                                                                                <\/div>\n                    <\/div>\n                <\/div>\n            <\/div>\n        <\/div>\n    <\/div>\n    <!-- ABOUT US AREA END --> \n \n    \t\t<\/div>\n\t\t\t\t<\/div>\n\t\t<div class=\"elementor-element elementor-element-a2dd63d e-flex e-con-boxed e-con e-child\" data-id=\"a2dd63d\" data-element_type=\"container\">\n\t\t\t\t\t<div class=\"e-con-inner\">\n\t\t\t\t<div class=\"elementor-element elementor-element-4ec0969 elementor-widget elementor-widget-text-editor\" data-id=\"4ec0969\" data-element_type=\"widget\" data-widget_type=\"text-editor.default\">\n\t\t\t\t<div class=\"elementor-widget-container\">\n\t\t\t<style>\/*! elementor - v3.23.0 - 25-07-2024 *\/\n.elementor-widget-text-editor.elementor-drop-cap-view-stacked .elementor-drop-cap{background-color:#69727d;color:#fff}.elementor-widget-text-editor.elementor-drop-cap-view-framed .elementor-drop-cap{color:#69727d;border:3px solid;background-color:transparent}.elementor-widget-text-editor:not(.elementor-drop-cap-view-default) .elementor-drop-cap{margin-top:8px}.elementor-widget-text-editor:not(.elementor-drop-cap-view-default) .elementor-drop-cap-letter{width:1em;height:1em}.elementor-widget-text-editor .elementor-drop-cap{float:left;text-align:center;line-height:1;font-size:50px}.elementor-widget-text-editor .elementor-drop-cap-letter{display:inline-block}<\/style>\t\t\t\t<p>La alimentaci\u00f3n de nuestros animales se realiza pr\u00e1cticamente de forma natural gracias a las m\u00e1s de 2,400 hect\u00e1reas con las que cuenta la finca. TODA LA FINCA SE ENCUENTRA EN CULTIVO ECOLOGICO.<br \/><br \/><\/p><p>Adem\u00e1s las parcelas est\u00e1n valladas individualmente permitiendo a las ovejas moverse y actuar con total libertad, reduciendo el estr\u00e9s del animal.<br \/>Exclusivamente con leche de oveja se fabrican los quesos de \u201cPE\u00d1ALAJO\u201d.<br \/><br \/><\/p><p>La elaboraci\u00f3n de los quesos se produce de forma artesanal, cuidando cada detalle.<\/p>\t\t\t\t\t\t<\/div>\n\t\t\t\t<\/div>\n\t\t<div class=\"elementor-element elementor-element-0de083f e-grid e-con-boxed e-con e-child\" data-id=\"0de083f\" data-element_type=\"container\">\n\t\t\t\t\t<div class=\"e-con-inner\">\n\t\t\t\t<div class=\"elementor-element elementor-element-7fc60d5 elementor-widget elementor-widget-text-editor\" data-id=\"7fc60d5\" data-element_type=\"widget\" data-widget_type=\"text-editor.default\">\n\t\t\t\t<div class=\"elementor-widget-container\">\n\t\t\t\t\t\t\t<p>Adem\u00e1s de nuestros quesos tenemos un compromiso muy importante con el medio natural y su conservaci\u00f3n por ello tenemos convenio con WWF y en 2018 recibimos el premio \u201cRECUPERACI\u00d3N DE LA DISTRIBUCI\u00d3N HIST\u00d3RICA DE LINCE IB\u00c9RICO (Lynx pardinus) EN ESPA\u00d1A Y PORTUGAL\u201d (\u201cIBERLINCE\u201d)\u201d por nuestra contribuci\u00f3n a su recuperaci\u00f3n.<\/p><p>A d\u00eda de hoy contamos con tres-cuatro n\u00facleos familiares de lince ib\u00e9rico.<\/p>\t\t\t\t\t\t<\/div>\n\t\t\t\t<\/div>\n\t\t\t\t<div class=\"elementor-element elementor-element-e463483 elementor-widget elementor-widget-image\" data-id=\"e463483\" data-element_type=\"widget\" data-widget_type=\"image.default\">\n\t\t\t\t<div class=\"elementor-widget-container\">\n\t\t\t<style>\/*! elementor - v3.23.0 - 25-07-2024 *\/\n.elementor-widget-image{text-align:center}.elementor-widget-image a{display:inline-block}.elementor-widget-image a img[src$=\".svg\"]{width:48px}.elementor-widget-image img{vertical-align:middle;display:inline-block}<\/style>\t\t\t\t\t\t\t\t\t\t<img decoding=\"async\" width=\"186\" height=\"209\" src=\"https:\/\/www.xn--quesospealajo-pkb.com\/wp-content\/uploads\/2024\/03\/logo-wwf.png\" class=\"attachment-full size-full wp-image-3054\" alt=\"\" \/>\t\t\t\t\t\t\t\t\t\t\t\t\t<\/div>\n\t\t\t\t<\/div>\n\t\t\t\t\t<\/div>\n\t\t\t\t<\/div>\n\t\t\t\t\t<\/div>\n\t\t\t\t<\/div>\n\t\t<div class=\"elementor-element elementor-element-6e3db02 e-grid e-con-boxed e-con e-child\" data-id=\"6e3db02\" data-element_type=\"container\">\n\t\t\t\t\t<div class=\"e-con-inner\">\n\t\t\t\t<div class=\"elementor-element elementor-element-6443793 elementor-widget elementor-widget-text-editor\" data-id=\"6443793\" data-element_type=\"widget\" data-widget_type=\"text-editor.default\">\n\t\t\t\t<div class=\"elementor-widget-container\">\n\t\t\t\t\t\t\t<p><strong>Nuestra finca de 2.400 hect\u00e1reas se encuentra al sur de Castilla-La Mancha, en la\u00a0<\/strong><strong>localidad de Viso del Marqu\u00e9s. <\/strong>En esta tierra se encuentran los olivos familiares de las<br \/>que, generaci\u00f3n tras generaci\u00f3n, se recogen las aceitunas con las que elaboramos nuestro\u00a0aceite virgen extra. Somos una empresa familiar y muy orgullosa de nuestros productos.<\/p><p><strong>En ella cuidamos con esmero nuestros m\u00e1s de 20.000 olivos que est\u00e1n a una altura\u00a0<\/strong><strong>media de 800 metros sobre el nivel del mar. Algunos de ellos son olivos centenarios.\u00a0<\/strong><\/p><p><strong>Esta situaci\u00f3n privilegiada junto con un clima hacen que sea el lugar id\u00f3neo para\u00a0<\/strong><strong>el cultivo del olivo. Todos nuestros olivos as\u00ed como los cereales tienen certificaci\u00f3n ecol\u00f3gica desde hace a\u00f1os.<\/strong><\/p>\t\t\t\t\t\t<\/div>\n\t\t\t\t<\/div>\n\t\t\t\t<div class=\"elementor-element elementor-element-db4419a elementor-widget elementor-widget-image\" data-id=\"db4419a\" data-element_type=\"widget\" data-widget_type=\"image.default\">\n\t\t\t\t<div class=\"elementor-widget-container\">\n\t\t\t\t\t\t\t\t\t\t\t\t\t<img fetchpriority=\"high\" decoding=\"async\" width=\"525\" height=\"350\" src=\"https:\/\/www.xn--quesospealajo-pkb.com\/wp-content\/uploads\/2024\/06\/foto3-1024x683.jpg\" class=\"attachment-large size-large wp-image-3130\" alt=\"\" srcset=\"https:\/\/www.xn--quesospealajo-pkb.com\/wp-content\/uploads\/2024\/06\/foto3-1024x683.jpg 1024w, https:\/\/www.xn--quesospealajo-pkb.com\/wp-content\/uploads\/2024\/06\/foto3-300x200.jpg 300w, https:\/\/www.xn--quesospealajo-pkb.com\/wp-content\/uploads\/2024\/06\/foto3-768x512.jpg 768w, https:\/\/www.xn--quesospealajo-pkb.com\/wp-content\/uploads\/2024\/06\/foto3-1536x1024.jpg 1536w, https:\/\/www.xn--quesospealajo-pkb.com\/wp-content\/uploads\/2024\/06\/foto3-2048x1366.jpg 2048w, https:\/\/www.xn--quesospealajo-pkb.com\/wp-content\/uploads\/2024\/06\/foto3-600x400.jpg 600w\" sizes=\"(max-width: 525px) 100vw, 525px\" \/>\t\t\t\t\t\t\t\t\t\t\t\t\t<\/div>\n\t\t\t\t<\/div>\n\t\t\t\t\t<\/div>\n\t\t\t\t<\/div>\n\t\t\t\t\t<\/div>\n\t\t\t\t<\/div>\n\t\t\t\t<\/div>\n\t\t","protected":false},"excerpt":{"rendered":"<p>Nuestra Historia LLevamos m\u00e1s de 80 a\u00f1os con ganader\u00eda de ovino. Nuestras ovejas pastan a diente con total libertad durante gran parte del a\u00f1o, gracias a las grandes extensiones de pastizal con las que cuenta la finca. Todos los cultivos son certificados como ecol\u00f3gicos (entidad certificadora SOHISCERT) La alimentaci\u00f3n de nuestros animales se realiza pr\u00e1cticamente [&hellip;]<\/p>\n","protected":false},"author":1,"featured_media":0,"parent":0,"menu_order":0,"comment_status":"closed","ping_status":"closed","template":"","meta":{"footnotes":""},"class_list":["post-1795","page","type-page","status-publish","hentry"],"yoast_head":"<!-- This site is optimized with the Yoast SEO plugin v24.1 - https:\/\/yoast.com\/wordpress\/plugins\/seo\/ -->\n<title>Nuestra Historia - PE\u00d1ALAJO<\/title>\n<meta name=\"robots\" content=\"index, follow, max-snippet:-1, max-image-preview:large, max-video-preview:-1\" \/>\n<link rel=\"canonical\" href=\"https:\/\/www.xn--quesospealajo-pkb.com\/index.php\/nuestra-historia\/\" \/>\n<meta property=\"og:locale\" content=\"es_ES\" \/>\n<meta property=\"og:type\" content=\"article\" \/>\n<meta property=\"og:title\" content=\"Nuestra Historia - PE\u00d1ALAJO\" \/>\n<meta property=\"og:description\" content=\"Nuestra Historia LLevamos m\u00e1s de 80 a\u00f1os con ganader\u00eda de ovino. Nuestras ovejas pastan a diente con total libertad durante gran parte del a\u00f1o, gracias a las grandes extensiones de pastizal con las que cuenta la finca. Todos los cultivos son certificados como ecol\u00f3gicos (entidad certificadora SOHISCERT) La alimentaci\u00f3n de nuestros animales se realiza pr\u00e1cticamente [&hellip;]\" \/>\n<meta property=\"og:url\" content=\"https:\/\/www.xn--quesospealajo-pkb.com\/index.php\/nuestra-historia\/\" \/>\n<meta property=\"og:site_name\" content=\"PE\u00d1ALAJO\" \/>\n<meta property=\"article:publisher\" content=\"https:\/\/www.facebook.com\/p\/Quesos-PealajoQueso-Manchego-Artesano-100052597345109\" \/>\n<meta property=\"article:modified_time\" content=\"2025-06-15T15:38:32+00:00\" \/>\n<meta property=\"og:image\" content=\"https:\/\/www.xn--quesospealajo-pkb.com\/wp-content\/uploads\/2024\/03\/IMG_2314-scaled.jpg\" \/>\n<meta name=\"twitter:card\" content=\"summary_large_image\" \/>\n<meta name=\"twitter:label1\" content=\"Tiempo de lectura\" \/>\n\t<meta name=\"twitter:data1\" content=\"2 minutos\" \/>\n<script type=\"application\/ld+json\" class=\"yoast-schema-graph\">{\"@context\":\"https:\/\/schema.org\",\"@graph\":[{\"@type\":\"WebPage\",\"@id\":\"https:\/\/www.xn--quesospealajo-pkb.com\/index.php\/nuestra-historia\/\",\"url\":\"https:\/\/www.xn--quesospealajo-pkb.com\/index.php\/nuestra-historia\/\",\"name\":\"Nuestra Historia - PE\u00d1ALAJO\",\"isPartOf\":{\"@id\":\"https:\/\/www.xn--quesospealajo-pkb.com\/#website\"},\"primaryImageOfPage\":{\"@id\":\"https:\/\/www.xn--quesospealajo-pkb.com\/index.php\/nuestra-historia\/#primaryimage\"},\"image\":{\"@id\":\"https:\/\/www.xn--quesospealajo-pkb.com\/index.php\/nuestra-historia\/#primaryimage\"},\"thumbnailUrl\":\"https:\/\/www.xn--quesospealajo-pkb.com\/wp-content\/uploads\/2024\/03\/IMG_2314-scaled.jpg\",\"datePublished\":\"2024-03-29T18:44:04+00:00\",\"dateModified\":\"2025-06-15T15:38:32+00:00\",\"breadcrumb\":{\"@id\":\"https:\/\/www.xn--quesospealajo-pkb.com\/index.php\/nuestra-historia\/#breadcrumb\"},\"inLanguage\":\"es\",\"potentialAction\":[{\"@type\":\"ReadAction\",\"target\":[\"https:\/\/www.xn--quesospealajo-pkb.com\/index.php\/nuestra-historia\/\"]}]},{\"@type\":\"ImageObject\",\"inLanguage\":\"es\",\"@id\":\"https:\/\/www.xn--quesospealajo-pkb.com\/index.php\/nuestra-historia\/#primaryimage\",\"url\":\"https:\/\/www.xn--quesospealajo-pkb.com\/wp-content\/uploads\/2024\/03\/IMG_2314-scaled.jpg\",\"contentUrl\":\"https:\/\/www.xn--quesospealajo-pkb.com\/wp-content\/uploads\/2024\/03\/IMG_2314-scaled.jpg\",\"width\":2560,\"height\":1707},{\"@type\":\"BreadcrumbList\",\"@id\":\"https:\/\/www.xn--quesospealajo-pkb.com\/index.php\/nuestra-historia\/#breadcrumb\",\"itemListElement\":[{\"@type\":\"ListItem\",\"position\":1,\"name\":\"Home\",\"item\":\"https:\/\/www.xn--quesospealajo-pkb.com\/\"},{\"@type\":\"ListItem\",\"position\":2,\"name\":\"Nuestra Historia\"}]},{\"@type\":\"WebSite\",\"@id\":\"https:\/\/www.xn--quesospealajo-pkb.com\/#website\",\"url\":\"https:\/\/www.xn--quesospealajo-pkb.com\/\",\"name\":\"PE\u00d1ALAJO\",\"description\":\"\",\"publisher\":{\"@id\":\"https:\/\/www.xn--quesospealajo-pkb.com\/#organization\"},\"potentialAction\":[{\"@type\":\"SearchAction\",\"target\":{\"@type\":\"EntryPoint\",\"urlTemplate\":\"https:\/\/www.xn--quesospealajo-pkb.com\/?s={search_term_string}\"},\"query-input\":{\"@type\":\"PropertyValueSpecification\",\"valueRequired\":true,\"valueName\":\"search_term_string\"}}],\"inLanguage\":\"es\"},{\"@type\":\"Organization\",\"@id\":\"https:\/\/www.xn--quesospealajo-pkb.com\/#organization\",\"name\":\"PE\u00d1ALAJO\",\"url\":\"https:\/\/www.xn--quesospealajo-pkb.com\/\",\"logo\":{\"@type\":\"ImageObject\",\"inLanguage\":\"es\",\"@id\":\"https:\/\/www.xn--quesospealajo-pkb.com\/#\/schema\/logo\/image\/\",\"url\":\"https:\/\/www.xn--quesospealajo-pkb.com\/wp-content\/uploads\/2024\/03\/LOGO-QUESOS-PENALAJO-1-version-ANTIGUA.png\",\"contentUrl\":\"https:\/\/www.xn--quesospealajo-pkb.com\/wp-content\/uploads\/2024\/03\/LOGO-QUESOS-PENALAJO-1-version-ANTIGUA.png\",\"width\":561,\"height\":553,\"caption\":\"PE\u00d1ALAJO\"},\"image\":{\"@id\":\"https:\/\/www.xn--quesospealajo-pkb.com\/#\/schema\/logo\/image\/\"},\"sameAs\":[\"https:\/\/www.facebook.com\/p\/Quesos-PealajoQueso-Manchego-Artesano-100052597345109\",\"https:\/\/www.instagram.com\/quesospenalajo\/\"]}]}<\/script>\n<!-- \/ Yoast SEO plugin. -->","yoast_head_json":{"title":"Nuestra Historia - PE\u00d1ALAJO","robots":{"index":"index","follow":"follow","max-snippet":"max-snippet:-1","max-image-preview":"max-image-preview:large","max-video-preview":"max-video-preview:-1"},"canonical":"https:\/\/www.xn--quesospealajo-pkb.com\/index.php\/nuestra-historia\/","og_locale":"es_ES","og_type":"article","og_title":"Nuestra Historia - PE\u00d1ALAJO","og_description":"Nuestra Historia LLevamos m\u00e1s de 80 a\u00f1os con ganader\u00eda de ovino. Nuestras ovejas pastan a diente con total libertad durante gran parte del a\u00f1o, gracias a las grandes extensiones de pastizal con las que cuenta la finca. Todos los cultivos son certificados como ecol\u00f3gicos (entidad certificadora SOHISCERT) La alimentaci\u00f3n de nuestros animales se realiza pr\u00e1cticamente [&hellip;]","og_url":"https:\/\/www.xn--quesospealajo-pkb.com\/index.php\/nuestra-historia\/","og_site_name":"PE\u00d1ALAJO","article_publisher":"https:\/\/www.facebook.com\/p\/Quesos-PealajoQueso-Manchego-Artesano-100052597345109","article_modified_time":"2025-06-15T15:38:32+00:00","og_image":[{"url":"https:\/\/www.xn--quesospealajo-pkb.com\/wp-content\/uploads\/2024\/03\/IMG_2314-scaled.jpg","type":"","width":"","height":""}],"twitter_card":"summary_large_image","twitter_misc":{"Tiempo de lectura":"2 minutos"},"schema":{"@context":"https:\/\/schema.org","@graph":[{"@type":"WebPage","@id":"https:\/\/www.xn--quesospealajo-pkb.com\/index.php\/nuestra-historia\/","url":"https:\/\/www.xn--quesospealajo-pkb.com\/index.php\/nuestra-historia\/","name":"Nuestra Historia - PE\u00d1ALAJO","isPartOf":{"@id":"https:\/\/www.xn--quesospealajo-pkb.com\/#website"},"primaryImageOfPage":{"@id":"https:\/\/www.xn--quesospealajo-pkb.com\/index.php\/nuestra-historia\/#primaryimage"},"image":{"@id":"https:\/\/www.xn--quesospealajo-pkb.com\/index.php\/nuestra-historia\/#primaryimage"},"thumbnailUrl":"https:\/\/www.xn--quesospealajo-pkb.com\/wp-content\/uploads\/2024\/03\/IMG_2314-scaled.jpg","datePublished":"2024-03-29T18:44:04+00:00","dateModified":"2025-06-15T15:38:32+00:00","breadcrumb":{"@id":"https:\/\/www.xn--quesospealajo-pkb.com\/index.php\/nuestra-historia\/#breadcrumb"},"inLanguage":"es","potentialAction":[{"@type":"ReadAction","target":["https:\/\/www.xn--quesospealajo-pkb.com\/index.php\/nuestra-historia\/"]}]},{"@type":"ImageObject","inLanguage":"es","@id":"https:\/\/www.xn--quesospealajo-pkb.com\/index.php\/nuestra-historia\/#primaryimage","url":"https:\/\/www.xn--quesospealajo-pkb.com\/wp-content\/uploads\/2024\/03\/IMG_2314-scaled.jpg","contentUrl":"https:\/\/www.xn--quesospealajo-pkb.com\/wp-content\/uploads\/2024\/03\/IMG_2314-scaled.jpg","width":2560,"height":1707},{"@type":"BreadcrumbList","@id":"https:\/\/www.xn--quesospealajo-pkb.com\/index.php\/nuestra-historia\/#breadcrumb","itemListElement":[{"@type":"ListItem","position":1,"name":"Home","item":"https:\/\/www.xn--quesospealajo-pkb.com\/"},{"@type":"ListItem","position":2,"name":"Nuestra Historia"}]},{"@type":"WebSite","@id":"https:\/\/www.xn--quesospealajo-pkb.com\/#website","url":"https:\/\/www.xn--quesospealajo-pkb.com\/","name":"PE\u00d1ALAJO","description":"","publisher":{"@id":"https:\/\/www.xn--quesospealajo-pkb.com\/#organization"},"potentialAction":[{"@type":"SearchAction","target":{"@type":"EntryPoint","urlTemplate":"https:\/\/www.xn--quesospealajo-pkb.com\/?s={search_term_string}"},"query-input":{"@type":"PropertyValueSpecification","valueRequired":true,"valueName":"search_term_string"}}],"inLanguage":"es"},{"@type":"Organization","@id":"https:\/\/www.xn--quesospealajo-pkb.com\/#organization","name":"PE\u00d1ALAJO","url":"https:\/\/www.xn--quesospealajo-pkb.com\/","logo":{"@type":"ImageObject","inLanguage":"es","@id":"https:\/\/www.xn--quesospealajo-pkb.com\/#\/schema\/logo\/image\/","url":"https:\/\/www.xn--quesospealajo-pkb.com\/wp-content\/uploads\/2024\/03\/LOGO-QUESOS-PENALAJO-1-version-ANTIGUA.png","contentUrl":"https:\/\/www.xn--quesospealajo-pkb.com\/wp-content\/uploads\/2024\/03\/LOGO-QUESOS-PENALAJO-1-version-ANTIGUA.png","width":561,"height":553,"caption":"PE\u00d1ALAJO"},"image":{"@id":"https:\/\/www.xn--quesospealajo-pkb.com\/#\/schema\/logo\/image\/"},"sameAs":["https:\/\/www.facebook.com\/p\/Quesos-PealajoQueso-Manchego-Artesano-100052597345109","https:\/\/www.instagram.com\/quesospenalajo\/"]}]}},"_links":{"self":[{"href":"https:\/\/www.xn--quesospealajo-pkb.com\/index.php\/wp-json\/wp\/v2\/pages\/1795","targetHints":{"allow":["GET"]}}],"collection":[{"href":"https:\/\/www.xn--quesospealajo-pkb.com\/index.php\/wp-json\/wp\/v2\/pages"}],"about":[{"href":"https:\/\/www.xn--quesospealajo-pkb.com\/index.php\/wp-json\/wp\/v2\/types\/page"}],"author":[{"embeddable":true,"href":"https:\/\/www.xn--quesospealajo-pkb.com\/index.php\/wp-json\/wp\/v2\/users\/1"}],"replies":[{"embeddable":true,"href":"https:\/\/www.xn--quesospealajo-pkb.com\/index.php\/wp-json\/wp\/v2\/comments?post=1795"}],"version-history":[{"count":49,"href":"https:\/\/www.xn--quesospealajo-pkb.com\/index.php\/wp-json\/wp\/v2\/pages\/1795\/revisions"}],"predecessor-version":[{"id":3508,"href":"https:\/\/www.xn--quesospealajo-pkb.com\/index.php\/wp-json\/wp\/v2\/pages\/1795\/revisions\/3508"}],"wp:attachment":[{"href":"https:\/\/www.xn--quesospealajo-pkb.com\/index.php\/wp-json\/wp\/v2\/media?parent=1795"}],"curies":[{"name":"wp","href":"https:\/\/api.w.org\/{rel}","templated":true}]}}