{"id":1646,"date":"2024-03-29T06:18:46","date_gmt":"2024-03-29T06:18:46","guid":{"rendered":"https:\/\/www.xn--quesospealajo-pkb.com\/?page_id=1646"},"modified":"2024-03-29T06:21:24","modified_gmt":"2024-03-29T06:21:24","slug":"politica-de-privacidad","status":"publish","type":"page","link":"https:\/\/www.xn--quesospealajo-pkb.com\/index.php\/politica-de-privacidad\/","title":{"rendered":"POL\u00cdTICA DE PRIVACIDAD"},"content":{"rendered":"\t\t<div data-elementor-type=\"wp-page\" data-elementor-id=\"1646\" class=\"elementor elementor-1646\">\n\t\t\t\t<div class=\"elementor-element elementor-element-4340154 e-flex e-con-boxed e-con e-parent\" data-id=\"4340154\" data-element_type=\"container\">\n\t\t\t\t\t<div class=\"e-con-inner\">\n\t\t\t\t<div class=\"elementor-element elementor-element-0c4bd75 elementor-widget elementor-widget-text-editor\" data-id=\"0c4bd75\" data-element_type=\"widget\" data-widget_type=\"text-editor.default\">\n\t\t\t\t<div class=\"elementor-widget-container\">\n\t\t\t<style>\/*! elementor - v3.23.0 - 25-07-2024 *\/\n.elementor-widget-text-editor.elementor-drop-cap-view-stacked .elementor-drop-cap{background-color:#69727d;color:#fff}.elementor-widget-text-editor.elementor-drop-cap-view-framed .elementor-drop-cap{color:#69727d;border:3px solid;background-color:transparent}.elementor-widget-text-editor:not(.elementor-drop-cap-view-default) .elementor-drop-cap{margin-top:8px}.elementor-widget-text-editor:not(.elementor-drop-cap-view-default) .elementor-drop-cap-letter{width:1em;height:1em}.elementor-widget-text-editor .elementor-drop-cap{float:left;text-align:center;line-height:1;font-size:50px}.elementor-widget-text-editor .elementor-drop-cap-letter{display:inline-block}<\/style>\t\t\t\t<p><strong>CL\u00c1USULA DE PPDD a insertar junto con el formulario de registro y de compra<\/strong><\/p><p>He le\u00eddo y acepto la Pol\u00edtica de Privacidad<\/p>\n<p>El Responsable del tratamiento de datos es AGROPECUARIA TORREALVAR, S.L., con NIF: B-86356904, direcci\u00f3n en&nbsp; C\/ Juan Hurtado de Mendoza n\u00ba 17, 2B, 28036 Madrid , con&nbsp; tel\u00e9fono de contacto&nbsp; 926338247 y correo electr\u00f3nico: &#8212;&#8212;&#8212;&#8212;&#8212;&#8212;&#8211;<\/p>\n<p><em>En cumplimiento de lo dispuesto por la normativa de protecci\u00f3n de datos, se le informa de los siguientes aspectos relacionado con el tratamiento de los datos de car\u00e1cter personal que nos ha facilitado a trav\u00e9s de nuestra p\u00e1gina Web bien para registrarse en la misma o acceder como invitado:&nbsp; <\/em><\/p>\n<ul>\n<li><em>Le informamos de que los datos personales que nos proporciona son necesarios para la compra del producto realizado y para que le podamos remitir informaci\u00f3n sobre nuestros productos y servicios y ser\u00e1n tratados exclusivamente con dicha finalidad.<\/em><\/li>\n<li><em>La base jur\u00eddica de ese tratamiento de datos es el consentimiento por Ud. prestado, la relaci\u00f3n jur\u00eddica mantenida y para que podamos informarle de nuestros productos y servicios, as\u00ed como el inter\u00e9s leg\u00edtimo de esta parte,<\/em> sobre la promoci\u00f3n y comercializaci\u00f3n de productos o servicios similares a qui\u00e9n se haya interesado por los servicios y productos ofertados.<\/li>\n<li><em>Los datos personales que nos proporciona mediante este documento, s\u00f3lo se mantendr\u00e1n a los efectos de formalizar la compra realizada e informarle y realizar lasacciones publicitarias y promocionales comentadas, as\u00ed como durante el tiempo necesario para el cumplimiento de las obligaciones legales que deriven del mismo.<\/em><\/li>\n<li><em>Sus datos no se ceder\u00e1n a terceros, salvo en los casos que exista una obligaci\u00f3n legal o previa autorizaci\u00f3n del usuario.<\/em><\/li>\n<li><em>Del mismo modo, le informamos de que en cualquier momento puede solicitarnos el acceso a sus datos personales o, en su caso, su rectificaci\u00f3n o supresi\u00f3n, la limitaci\u00f3n del tratamiento en cuyo caso \u00fanicamente los conservaremos para el ejercicio o la defensa de reclamaciones, su oposici\u00f3n al mismo as\u00ed como su derecho a la portabilidad de los datos personales. Para ello deber\u00e1 enviar una solicitud por escrito dirigida a <\/em>AGROPECUARIA TORREALVAR, S.L., con NIF: B-86356904, direcci\u00f3n en C\/ Juan Hurtado de Mendoza n\u00ba 17, 2B, 28036 Madrid<\/li>\n<li><em>Por \u00faltimo, le informamos de que tiene derecho a presentar una reclamaci\u00f3n ante la Agencia Espa\u00f1ola de Protecci\u00f3n de Datos bien a trav\u00e9s de su sede electr\u00f3nica o en su domicilio, en <\/em>calle Jorge Juan, n\u00ba6, 28001 Madrid<em>.<\/em><\/li>\n<\/ul>\t\t\t\t\t\t<\/div>\n\t\t\t\t<\/div>\n\t\t\t\t\t<\/div>\n\t\t\t\t<\/div>\n\t\t\t\t<\/div>\n\t\t","protected":false},"excerpt":{"rendered":"<p>CL\u00c1USULA DE PPDD a insertar junto con el formulario de registro y de compra He le\u00eddo y acepto la Pol\u00edtica de Privacidad El Responsable del tratamiento de datos es AGROPECUARIA TORREALVAR, S.L., con NIF: B-86356904, direcci\u00f3n en&nbsp; C\/ Juan Hurtado de Mendoza n\u00ba 17, 2B, 28036 Madrid , con&nbsp; tel\u00e9fono de contacto&nbsp; 926338247 y correo [&hellip;]<\/p>\n","protected":false},"author":1,"featured_media":0,"parent":0,"menu_order":0,"comment_status":"closed","ping_status":"closed","template":"","meta":{"footnotes":""},"class_list":["post-1646","page","type-page","status-publish","hentry"],"yoast_head":"<!-- This site is optimized with the Yoast SEO plugin v24.1 - https:\/\/yoast.com\/wordpress\/plugins\/seo\/ -->\n<title>POL\u00cdTICA DE PRIVACIDAD - PE\u00d1ALAJO<\/title>\n<meta name=\"robots\" content=\"index, follow, max-snippet:-1, max-image-preview:large, max-video-preview:-1\" \/>\n<link rel=\"canonical\" href=\"https:\/\/www.xn--quesospealajo-pkb.com\/index.php\/politica-de-privacidad\/\" \/>\n<meta property=\"og:locale\" content=\"es_ES\" \/>\n<meta property=\"og:type\" content=\"article\" \/>\n<meta property=\"og:title\" content=\"POL\u00cdTICA DE PRIVACIDAD - PE\u00d1ALAJO\" \/>\n<meta property=\"og:description\" content=\"CL\u00c1USULA DE PPDD a insertar junto con el formulario de registro y de compra He le\u00eddo y acepto la Pol\u00edtica de Privacidad El Responsable del tratamiento de datos es AGROPECUARIA TORREALVAR, S.L., con NIF: B-86356904, direcci\u00f3n en&nbsp; C\/ Juan Hurtado de Mendoza n\u00ba 17, 2B, 28036 Madrid , con&nbsp; tel\u00e9fono de contacto&nbsp; 926338247 y correo [&hellip;]\" \/>\n<meta property=\"og:url\" content=\"https:\/\/www.xn--quesospealajo-pkb.com\/index.php\/politica-de-privacidad\/\" \/>\n<meta property=\"og:site_name\" content=\"PE\u00d1ALAJO\" \/>\n<meta property=\"article:publisher\" content=\"https:\/\/www.facebook.com\/p\/Quesos-PealajoQueso-Manchego-Artesano-100052597345109\" \/>\n<meta property=\"article:modified_time\" content=\"2024-03-29T06:21:24+00:00\" \/>\n<meta name=\"twitter:card\" content=\"summary_large_image\" \/>\n<meta name=\"twitter:label1\" content=\"Tiempo de lectura\" \/>\n\t<meta name=\"twitter:data1\" content=\"2 minutos\" \/>\n<script type=\"application\/ld+json\" class=\"yoast-schema-graph\">{\"@context\":\"https:\/\/schema.org\",\"@graph\":[{\"@type\":\"WebPage\",\"@id\":\"https:\/\/www.xn--quesospealajo-pkb.com\/index.php\/politica-de-privacidad\/\",\"url\":\"https:\/\/www.xn--quesospealajo-pkb.com\/index.php\/politica-de-privacidad\/\",\"name\":\"POL\u00cdTICA DE PRIVACIDAD - PE\u00d1ALAJO\",\"isPartOf\":{\"@id\":\"https:\/\/www.xn--quesospealajo-pkb.com\/#website\"},\"datePublished\":\"2024-03-29T06:18:46+00:00\",\"dateModified\":\"2024-03-29T06:21:24+00:00\",\"breadcrumb\":{\"@id\":\"https:\/\/www.xn--quesospealajo-pkb.com\/index.php\/politica-de-privacidad\/#breadcrumb\"},\"inLanguage\":\"es\",\"potentialAction\":[{\"@type\":\"ReadAction\",\"target\":[\"https:\/\/www.xn--quesospealajo-pkb.com\/index.php\/politica-de-privacidad\/\"]}]},{\"@type\":\"BreadcrumbList\",\"@id\":\"https:\/\/www.xn--quesospealajo-pkb.com\/index.php\/politica-de-privacidad\/#breadcrumb\",\"itemListElement\":[{\"@type\":\"ListItem\",\"position\":1,\"name\":\"Home\",\"item\":\"https:\/\/www.xn--quesospealajo-pkb.com\/\"},{\"@type\":\"ListItem\",\"position\":2,\"name\":\"POL\u00cdTICA DE PRIVACIDAD\"}]},{\"@type\":\"WebSite\",\"@id\":\"https:\/\/www.xn--quesospealajo-pkb.com\/#website\",\"url\":\"https:\/\/www.xn--quesospealajo-pkb.com\/\",\"name\":\"PE\u00d1ALAJO\",\"description\":\"\",\"publisher\":{\"@id\":\"https:\/\/www.xn--quesospealajo-pkb.com\/#organization\"},\"potentialAction\":[{\"@type\":\"SearchAction\",\"target\":{\"@type\":\"EntryPoint\",\"urlTemplate\":\"https:\/\/www.xn--quesospealajo-pkb.com\/?s={search_term_string}\"},\"query-input\":{\"@type\":\"PropertyValueSpecification\",\"valueRequired\":true,\"valueName\":\"search_term_string\"}}],\"inLanguage\":\"es\"},{\"@type\":\"Organization\",\"@id\":\"https:\/\/www.xn--quesospealajo-pkb.com\/#organization\",\"name\":\"PE\u00d1ALAJO\",\"url\":\"https:\/\/www.xn--quesospealajo-pkb.com\/\",\"logo\":{\"@type\":\"ImageObject\",\"inLanguage\":\"es\",\"@id\":\"https:\/\/www.xn--quesospealajo-pkb.com\/#\/schema\/logo\/image\/\",\"url\":\"https:\/\/www.xn--quesospealajo-pkb.com\/wp-content\/uploads\/2024\/03\/LOGO-QUESOS-PENALAJO-1-version-ANTIGUA.png\",\"contentUrl\":\"https:\/\/www.xn--quesospealajo-pkb.com\/wp-content\/uploads\/2024\/03\/LOGO-QUESOS-PENALAJO-1-version-ANTIGUA.png\",\"width\":561,\"height\":553,\"caption\":\"PE\u00d1ALAJO\"},\"image\":{\"@id\":\"https:\/\/www.xn--quesospealajo-pkb.com\/#\/schema\/logo\/image\/\"},\"sameAs\":[\"https:\/\/www.facebook.com\/p\/Quesos-PealajoQueso-Manchego-Artesano-100052597345109\",\"https:\/\/www.instagram.com\/quesospenalajo\/\"]}]}<\/script>\n<!-- \/ Yoast SEO plugin. -->","yoast_head_json":{"title":"POL\u00cdTICA DE PRIVACIDAD - PE\u00d1ALAJO","robots":{"index":"index","follow":"follow","max-snippet":"max-snippet:-1","max-image-preview":"max-image-preview:large","max-video-preview":"max-video-preview:-1"},"canonical":"https:\/\/www.xn--quesospealajo-pkb.com\/index.php\/politica-de-privacidad\/","og_locale":"es_ES","og_type":"article","og_title":"POL\u00cdTICA DE PRIVACIDAD - PE\u00d1ALAJO","og_description":"CL\u00c1USULA DE PPDD a insertar junto con el formulario de registro y de compra He le\u00eddo y acepto la Pol\u00edtica de Privacidad El Responsable del tratamiento de datos es AGROPECUARIA TORREALVAR, S.L., con NIF: B-86356904, direcci\u00f3n en&nbsp; C\/ Juan Hurtado de Mendoza n\u00ba 17, 2B, 28036 Madrid , con&nbsp; tel\u00e9fono de contacto&nbsp; 926338247 y correo [&hellip;]","og_url":"https:\/\/www.xn--quesospealajo-pkb.com\/index.php\/politica-de-privacidad\/","og_site_name":"PE\u00d1ALAJO","article_publisher":"https:\/\/www.facebook.com\/p\/Quesos-PealajoQueso-Manchego-Artesano-100052597345109","article_modified_time":"2024-03-29T06:21:24+00:00","twitter_card":"summary_large_image","twitter_misc":{"Tiempo de lectura":"2 minutos"},"schema":{"@context":"https:\/\/schema.org","@graph":[{"@type":"WebPage","@id":"https:\/\/www.xn--quesospealajo-pkb.com\/index.php\/politica-de-privacidad\/","url":"https:\/\/www.xn--quesospealajo-pkb.com\/index.php\/politica-de-privacidad\/","name":"POL\u00cdTICA DE PRIVACIDAD - PE\u00d1ALAJO","isPartOf":{"@id":"https:\/\/www.xn--quesospealajo-pkb.com\/#website"},"datePublished":"2024-03-29T06:18:46+00:00","dateModified":"2024-03-29T06:21:24+00:00","breadcrumb":{"@id":"https:\/\/www.xn--quesospealajo-pkb.com\/index.php\/politica-de-privacidad\/#breadcrumb"},"inLanguage":"es","potentialAction":[{"@type":"ReadAction","target":["https:\/\/www.xn--quesospealajo-pkb.com\/index.php\/politica-de-privacidad\/"]}]},{"@type":"BreadcrumbList","@id":"https:\/\/www.xn--quesospealajo-pkb.com\/index.php\/politica-de-privacidad\/#breadcrumb","itemListElement":[{"@type":"ListItem","position":1,"name":"Home","item":"https:\/\/www.xn--quesospealajo-pkb.com\/"},{"@type":"ListItem","position":2,"name":"POL\u00cdTICA DE PRIVACIDAD"}]},{"@type":"WebSite","@id":"https:\/\/www.xn--quesospealajo-pkb.com\/#website","url":"https:\/\/www.xn--quesospealajo-pkb.com\/","name":"PE\u00d1ALAJO","description":"","publisher":{"@id":"https:\/\/www.xn--quesospealajo-pkb.com\/#organization"},"potentialAction":[{"@type":"SearchAction","target":{"@type":"EntryPoint","urlTemplate":"https:\/\/www.xn--quesospealajo-pkb.com\/?s={search_term_string}"},"query-input":{"@type":"PropertyValueSpecification","valueRequired":true,"valueName":"search_term_string"}}],"inLanguage":"es"},{"@type":"Organization","@id":"https:\/\/www.xn--quesospealajo-pkb.com\/#organization","name":"PE\u00d1ALAJO","url":"https:\/\/www.xn--quesospealajo-pkb.com\/","logo":{"@type":"ImageObject","inLanguage":"es","@id":"https:\/\/www.xn--quesospealajo-pkb.com\/#\/schema\/logo\/image\/","url":"https:\/\/www.xn--quesospealajo-pkb.com\/wp-content\/uploads\/2024\/03\/LOGO-QUESOS-PENALAJO-1-version-ANTIGUA.png","contentUrl":"https:\/\/www.xn--quesospealajo-pkb.com\/wp-content\/uploads\/2024\/03\/LOGO-QUESOS-PENALAJO-1-version-ANTIGUA.png","width":561,"height":553,"caption":"PE\u00d1ALAJO"},"image":{"@id":"https:\/\/www.xn--quesospealajo-pkb.com\/#\/schema\/logo\/image\/"},"sameAs":["https:\/\/www.facebook.com\/p\/Quesos-PealajoQueso-Manchego-Artesano-100052597345109","https:\/\/www.instagram.com\/quesospenalajo\/"]}]}},"_links":{"self":[{"href":"https:\/\/www.xn--quesospealajo-pkb.com\/index.php\/wp-json\/wp\/v2\/pages\/1646","targetHints":{"allow":["GET"]}}],"collection":[{"href":"https:\/\/www.xn--quesospealajo-pkb.com\/index.php\/wp-json\/wp\/v2\/pages"}],"about":[{"href":"https:\/\/www.xn--quesospealajo-pkb.com\/index.php\/wp-json\/wp\/v2\/types\/page"}],"author":[{"embeddable":true,"href":"https:\/\/www.xn--quesospealajo-pkb.com\/index.php\/wp-json\/wp\/v2\/users\/1"}],"replies":[{"embeddable":true,"href":"https:\/\/www.xn--quesospealajo-pkb.com\/index.php\/wp-json\/wp\/v2\/comments?post=1646"}],"version-history":[{"count":7,"href":"https:\/\/www.xn--quesospealajo-pkb.com\/index.php\/wp-json\/wp\/v2\/pages\/1646\/revisions"}],"predecessor-version":[{"id":1653,"href":"https:\/\/www.xn--quesospealajo-pkb.com\/index.php\/wp-json\/wp\/v2\/pages\/1646\/revisions\/1653"}],"wp:attachment":[{"href":"https:\/\/www.xn--quesospealajo-pkb.com\/index.php\/wp-json\/wp\/v2\/media?parent=1646"}],"curies":[{"name":"wp","href":"https:\/\/api.w.org\/{rel}","templated":true}]}}